{"id":1162,"date":"2020-05-14T13:58:02","date_gmt":"2020-05-14T13:58:02","guid":{"rendered":"https:\/\/javierzarzalejos.eu\/?post_type=galeriavideos&#038;p=1162"},"modified":"2020-05-18T14:01:28","modified_gmt":"2020-05-18T14:01:28","slug":"debate-como-gestiona-la-union-europea-la-crisis-del-covid-19","status":"publish","type":"galeriavideos","link":"https:\/\/javierzarzalejos.eu\/en\/galeriavideos\/debate-como-gestiona-la-union-europea-la-crisis-del-covid-19\/","title":{"rendered":"DEBATE | C\u00f3mo gestiona la Uni\u00f3n Europea la crisis del COVID-19"},"content":{"rendered":"","protected":false},"featured_media":1163,"template":"","meta":{"inline_featured_image":false,"_monsterinsights_skip_tracking":false,"_monsterinsights_sitenote_active":false,"_monsterinsights_sitenote_note":"","_monsterinsights_sitenote_category":0,"_vp_format_video_url":"","_vp_image_focal_point":[]},"class_list":["post-1162","galeriavideos","type-galeriavideos","status-publish","has-post-thumbnail","hentry"],"yoast_head":"<!-- This site is optimized with the Yoast SEO plugin v27.1.1 - https:\/\/yoast.com\/product\/yoast-seo-wordpress\/ -->\n<title>DEBATE | C\u00f3mo gestiona la Uni\u00f3n Europea la crisis del COVID-19 - P\u00e1gina oficial de Javier zarzalejos<\/title>\n<meta name=\"robots\" content=\"index, follow, max-snippet:-1, max-image-preview:large, max-video-preview:-1\" \/>\n<link rel=\"canonical\" href=\"https:\/\/javierzarzalejos.eu\/galeriavideos\/debate-como-gestiona-la-union-europea-la-crisis-del-covid-19\/\" \/>\n<meta property=\"og:locale\" content=\"en_US\" \/>\n<meta property=\"og:type\" content=\"article\" \/>\n<meta property=\"og:title\" content=\"DEBATE | C\u00f3mo gestiona la Uni\u00f3n Europea la crisis del COVID-19 - P\u00e1gina oficial de Javier zarzalejos\" \/>\n<meta property=\"og:url\" content=\"https:\/\/javierzarzalejos.eu\/galeriavideos\/debate-como-gestiona-la-union-europea-la-crisis-del-covid-19\/\" \/>\n<meta property=\"og:site_name\" content=\"P\u00e1gina oficial de Javier zarzalejos\" \/>\n<meta property=\"article:modified_time\" content=\"2020-05-18T14:01:28+00:00\" \/>\n<meta property=\"og:image\" content=\"https:\/\/javierzarzalejos.eu\/wp-content\/uploads\/2020\/05\/DEBATE-C\u00d3MO-GESTIONA-LA-UNI\u00d3N-EUROPEA-LA-CRISIS-DEL-COVID-19.png\" \/>\n\t<meta property=\"og:image:width\" content=\"1920\" \/>\n\t<meta property=\"og:image:height\" content=\"1087\" \/>\n\t<meta property=\"og:image:type\" content=\"image\/png\" \/>\n<meta name=\"twitter:card\" content=\"summary_large_image\" \/>\n<script type=\"application\/ld+json\" class=\"yoast-schema-graph\">{\"@context\":\"https:\/\/schema.org\",\"@graph\":[{\"@type\":\"WebPage\",\"@id\":\"https:\/\/javierzarzalejos.eu\/galeriavideos\/debate-como-gestiona-la-union-europea-la-crisis-del-covid-19\/\",\"url\":\"https:\/\/javierzarzalejos.eu\/galeriavideos\/debate-como-gestiona-la-union-europea-la-crisis-del-covid-19\/\",\"name\":\"DEBATE | C\u00f3mo gestiona la Uni\u00f3n Europea la crisis del COVID-19 - P\u00e1gina oficial de Javier zarzalejos\",\"isPartOf\":{\"@id\":\"https:\/\/javierzarzalejos.eu\/#website\"},\"primaryImageOfPage\":{\"@id\":\"https:\/\/javierzarzalejos.eu\/galeriavideos\/debate-como-gestiona-la-union-europea-la-crisis-del-covid-19\/#primaryimage\"},\"image\":{\"@id\":\"https:\/\/javierzarzalejos.eu\/galeriavideos\/debate-como-gestiona-la-union-europea-la-crisis-del-covid-19\/#primaryimage\"},\"thumbnailUrl\":\"https:\/\/javierzarzalejos.eu\/wp-content\/uploads\/2020\/05\/DEBATE-C\u00d3MO-GESTIONA-LA-UNI\u00d3N-EUROPEA-LA-CRISIS-DEL-COVID-19.png\",\"datePublished\":\"2020-05-14T13:58:02+00:00\",\"dateModified\":\"2020-05-18T14:01:28+00:00\",\"breadcrumb\":{\"@id\":\"https:\/\/javierzarzalejos.eu\/galeriavideos\/debate-como-gestiona-la-union-europea-la-crisis-del-covid-19\/#breadcrumb\"},\"inLanguage\":\"en-US\",\"potentialAction\":[{\"@type\":\"ReadAction\",\"target\":[\"https:\/\/javierzarzalejos.eu\/galeriavideos\/debate-como-gestiona-la-union-europea-la-crisis-del-covid-19\/\"]}]},{\"@type\":\"ImageObject\",\"inLanguage\":\"en-US\",\"@id\":\"https:\/\/javierzarzalejos.eu\/galeriavideos\/debate-como-gestiona-la-union-europea-la-crisis-del-covid-19\/#primaryimage\",\"url\":\"https:\/\/javierzarzalejos.eu\/wp-content\/uploads\/2020\/05\/DEBATE-C\u00d3MO-GESTIONA-LA-UNI\u00d3N-EUROPEA-LA-CRISIS-DEL-COVID-19.png\",\"contentUrl\":\"https:\/\/javierzarzalejos.eu\/wp-content\/uploads\/2020\/05\/DEBATE-C\u00d3MO-GESTIONA-LA-UNI\u00d3N-EUROPEA-LA-CRISIS-DEL-COVID-19.png\",\"width\":1920,\"height\":1087},{\"@type\":\"BreadcrumbList\",\"@id\":\"https:\/\/javierzarzalejos.eu\/galeriavideos\/debate-como-gestiona-la-union-europea-la-crisis-del-covid-19\/#breadcrumb\",\"itemListElement\":[{\"@type\":\"ListItem\",\"position\":1,\"name\":\"Portada\",\"item\":\"https:\/\/javierzarzalejos.eu\/en\/\"},{\"@type\":\"ListItem\",\"position\":2,\"name\":\"DEBATE | C\u00f3mo gestiona la Uni\u00f3n Europea la crisis del COVID-19\"}]},{\"@type\":\"WebSite\",\"@id\":\"https:\/\/javierzarzalejos.eu\/#website\",\"url\":\"https:\/\/javierzarzalejos.eu\/\",\"name\":\"P\u00e1gina oficial de Javier zarzalejos\",\"description\":\"P\u00e1gina oficial de Javier zarzalejos\",\"potentialAction\":[{\"@type\":\"SearchAction\",\"target\":{\"@type\":\"EntryPoint\",\"urlTemplate\":\"https:\/\/javierzarzalejos.eu\/?s={search_term_string}\"},\"query-input\":{\"@type\":\"PropertyValueSpecification\",\"valueRequired\":true,\"valueName\":\"search_term_string\"}}],\"inLanguage\":\"en-US\"}]}<\/script>\n<!-- \/ Yoast SEO plugin. -->","yoast_head_json":{"title":"DEBATE | C\u00f3mo gestiona la Uni\u00f3n Europea la crisis del COVID-19 - P\u00e1gina oficial de Javier zarzalejos","robots":{"index":"index","follow":"follow","max-snippet":"max-snippet:-1","max-image-preview":"max-image-preview:large","max-video-preview":"max-video-preview:-1"},"canonical":"https:\/\/javierzarzalejos.eu\/galeriavideos\/debate-como-gestiona-la-union-europea-la-crisis-del-covid-19\/","og_locale":"en_US","og_type":"article","og_title":"DEBATE | C\u00f3mo gestiona la Uni\u00f3n Europea la crisis del COVID-19 - P\u00e1gina oficial de Javier zarzalejos","og_url":"https:\/\/javierzarzalejos.eu\/galeriavideos\/debate-como-gestiona-la-union-europea-la-crisis-del-covid-19\/","og_site_name":"P\u00e1gina oficial de Javier zarzalejos","article_modified_time":"2020-05-18T14:01:28+00:00","og_image":[{"width":1920,"height":1087,"url":"https:\/\/javierzarzalejos.eu\/wp-content\/uploads\/2020\/05\/DEBATE-C\u00d3MO-GESTIONA-LA-UNI\u00d3N-EUROPEA-LA-CRISIS-DEL-COVID-19.png","type":"image\/png"}],"twitter_card":"summary_large_image","schema":{"@context":"https:\/\/schema.org","@graph":[{"@type":"WebPage","@id":"https:\/\/javierzarzalejos.eu\/galeriavideos\/debate-como-gestiona-la-union-europea-la-crisis-del-covid-19\/","url":"https:\/\/javierzarzalejos.eu\/galeriavideos\/debate-como-gestiona-la-union-europea-la-crisis-del-covid-19\/","name":"DEBATE | C\u00f3mo gestiona la Uni\u00f3n Europea la crisis del COVID-19 - P\u00e1gina oficial de Javier zarzalejos","isPartOf":{"@id":"https:\/\/javierzarzalejos.eu\/#website"},"primaryImageOfPage":{"@id":"https:\/\/javierzarzalejos.eu\/galeriavideos\/debate-como-gestiona-la-union-europea-la-crisis-del-covid-19\/#primaryimage"},"image":{"@id":"https:\/\/javierzarzalejos.eu\/galeriavideos\/debate-como-gestiona-la-union-europea-la-crisis-del-covid-19\/#primaryimage"},"thumbnailUrl":"https:\/\/javierzarzalejos.eu\/wp-content\/uploads\/2020\/05\/DEBATE-C\u00d3MO-GESTIONA-LA-UNI\u00d3N-EUROPEA-LA-CRISIS-DEL-COVID-19.png","datePublished":"2020-05-14T13:58:02+00:00","dateModified":"2020-05-18T14:01:28+00:00","breadcrumb":{"@id":"https:\/\/javierzarzalejos.eu\/galeriavideos\/debate-como-gestiona-la-union-europea-la-crisis-del-covid-19\/#breadcrumb"},"inLanguage":"en-US","potentialAction":[{"@type":"ReadAction","target":["https:\/\/javierzarzalejos.eu\/galeriavideos\/debate-como-gestiona-la-union-europea-la-crisis-del-covid-19\/"]}]},{"@type":"ImageObject","inLanguage":"en-US","@id":"https:\/\/javierzarzalejos.eu\/galeriavideos\/debate-como-gestiona-la-union-europea-la-crisis-del-covid-19\/#primaryimage","url":"https:\/\/javierzarzalejos.eu\/wp-content\/uploads\/2020\/05\/DEBATE-C\u00d3MO-GESTIONA-LA-UNI\u00d3N-EUROPEA-LA-CRISIS-DEL-COVID-19.png","contentUrl":"https:\/\/javierzarzalejos.eu\/wp-content\/uploads\/2020\/05\/DEBATE-C\u00d3MO-GESTIONA-LA-UNI\u00d3N-EUROPEA-LA-CRISIS-DEL-COVID-19.png","width":1920,"height":1087},{"@type":"BreadcrumbList","@id":"https:\/\/javierzarzalejos.eu\/galeriavideos\/debate-como-gestiona-la-union-europea-la-crisis-del-covid-19\/#breadcrumb","itemListElement":[{"@type":"ListItem","position":1,"name":"Portada","item":"https:\/\/javierzarzalejos.eu\/en\/"},{"@type":"ListItem","position":2,"name":"DEBATE | C\u00f3mo gestiona la Uni\u00f3n Europea la crisis del COVID-19"}]},{"@type":"WebSite","@id":"https:\/\/javierzarzalejos.eu\/#website","url":"https:\/\/javierzarzalejos.eu\/","name":"P\u00e1gina oficial de Javier zarzalejos","description":"P\u00e1gina oficial de Javier zarzalejos","potentialAction":[{"@type":"SearchAction","target":{"@type":"EntryPoint","urlTemplate":"https:\/\/javierzarzalejos.eu\/?s={search_term_string}"},"query-input":{"@type":"PropertyValueSpecification","valueRequired":true,"valueName":"search_term_string"}}],"inLanguage":"en-US"}]}},"_links":{"self":[{"href":"https:\/\/javierzarzalejos.eu\/en\/wp-json\/wp\/v2\/galeriavideos\/1162","targetHints":{"allow":["GET"]}}],"collection":[{"href":"https:\/\/javierzarzalejos.eu\/en\/wp-json\/wp\/v2\/galeriavideos"}],"about":[{"href":"https:\/\/javierzarzalejos.eu\/en\/wp-json\/wp\/v2\/types\/galeriavideos"}],"wp:featuredmedia":[{"embeddable":true,"href":"https:\/\/javierzarzalejos.eu\/en\/wp-json\/wp\/v2\/media\/1163"}],"wp:attachment":[{"href":"https:\/\/javierzarzalejos.eu\/en\/wp-json\/wp\/v2\/media?parent=1162"}],"curies":[{"name":"wp","href":"https:\/\/api.w.org\/{rel}","templated":true}]}}

DEBATE | Cómo gestiona la Unión Europea la crisis del COVID-19

<!-- This site is optimized with the Yoast SEO plugin v27.1.1 - https://yoast.com/product/yoast-seo-wordpress/ -->
<title>DEBATE | Cómo gestiona la Unión Europea la crisis del COVID-19 - Página oficial de Javier zarzalejos</title>
<meta name="robots" content="index, follow, max-snippet:-1, max-image-preview:large, max-video-preview:-1" />
<link rel="canonical" href="https://javierzarzalejos.eu/galeriavideos/debate-como-gestiona-la-union-europea-la-crisis-del-covid-19/" />
<meta property="og:locale" content="en_US" />
<meta property="og:type" content="article" />
<meta property="og:title" content="DEBATE | Cómo gestiona la Unión Europea la crisis del COVID-19 - Página oficial de Javier zarzalejos" />
<meta property="og:url" content="https://javierzarzalejos.eu/galeriavideos/debate-como-gestiona-la-union-europea-la-crisis-del-covid-19/" />
<meta property="og:site_name" content="Página oficial de Javier zarzalejos" />
<meta property="article:modified_time" content="2020-05-18T14:01:28+00:00" />
<meta property="og:image" content="https://javierzarzalejos.eu/wp-content/uploads/2020/05/DEBATE-CÓMO-GESTIONA-LA-UNIÓN-EUROPEA-LA-CRISIS-DEL-COVID-19.png" />
	<meta property="og:image:width" content="1920" />
	<meta property="og:image:height" content="1087" />
	<meta property="og:image:type" content="image/png" />
<meta name="twitter:card" content="summary_large_image" />
<script type="application/ld+json" class="yoast-schema-graph">{"@context":"https://schema.org","@graph":[{"@type":"WebPage","@id":"https://javierzarzalejos.eu/galeriavideos/debate-como-gestiona-la-union-europea-la-crisis-del-covid-19/","url":"https://javierzarzalejos.eu/galeriavideos/debate-como-gestiona-la-union-europea-la-crisis-del-covid-19/","name":"DEBATE | Cómo gestiona la Unión Europea la crisis del COVID-19 - Página oficial de Javier zarzalejos","isPartOf":{"@id":"https://javierzarzalejos.eu/#website"},"primaryImageOfPage":{"@id":"https://javierzarzalejos.eu/galeriavideos/debate-como-gestiona-la-union-europea-la-crisis-del-covid-19/#primaryimage"},"image":{"@id":"https://javierzarzalejos.eu/galeriavideos/debate-como-gestiona-la-union-europea-la-crisis-del-covid-19/#primaryimage"},"thumbnailUrl":"https://javierzarzalejos.eu/wp-content/uploads/2020/05/DEBATE-CÓMO-GESTIONA-LA-UNIÓN-EUROPEA-LA-CRISIS-DEL-COVID-19.png","datePublished":"2020-05-14T13:58:02+00:00","dateModified":"2020-05-18T14:01:28+00:00","breadcrumb":{"@id":"https://javierzarzalejos.eu/galeriavideos/debate-como-gestiona-la-union-europea-la-crisis-del-covid-19/#breadcrumb"},"inLanguage":"en-US","potentialAction":[{"@type":"ReadAction","target":["https://javierzarzalejos.eu/galeriavideos/debate-como-gestiona-la-union-europea-la-crisis-del-covid-19/"]}]},{"@type":"ImageObject","inLanguage":"en-US","@id":"https://javierzarzalejos.eu/galeriavideos/debate-como-gestiona-la-union-europea-la-crisis-del-covid-19/#primaryimage","url":"https://javierzarzalejos.eu/wp-content/uploads/2020/05/DEBATE-CÓMO-GESTIONA-LA-UNIÓN-EUROPEA-LA-CRISIS-DEL-COVID-19.png","contentUrl":"https://javierzarzalejos.eu/wp-content/uploads/2020/05/DEBATE-CÓMO-GESTIONA-LA-UNIÓN-EUROPEA-LA-CRISIS-DEL-COVID-19.png","width":1920,"height":1087},{"@type":"BreadcrumbList","@id":"https://javierzarzalejos.eu/galeriavideos/debate-como-gestiona-la-union-europea-la-crisis-del-covid-19/#breadcrumb","itemListElement":[{"@type":"ListItem","position":1,"name":"Portada","item":"https://javierzarzalejos.eu/en/"},{"@type":"ListItem","position":2,"name":"DEBATE | Cómo gestiona la Unión Europea la crisis del COVID-19"}]},{"@type":"WebSite","@id":"https://javierzarzalejos.eu/#website","url":"https://javierzarzalejos.eu/","name":"Página oficial de Javier zarzalejos","description":"Página oficial de Javier zarzalejos","potentialAction":[{"@type":"SearchAction","target":{"@type":"EntryPoint","urlTemplate":"https://javierzarzalejos.eu/?s={search_term_string}"},"query-input":{"@type":"PropertyValueSpecification","valueRequired":true,"valueName":"search_term_string"}}],"inLanguage":"en-US"}]}</script>
<!-- / Yoast SEO plugin. -->

DEBATE | Cómo gestiona la Unión Europea la crisis del COVID-19 - Página oficial de Javier zarzalejos

Página oficial de Javier zarzalejos

https://javierzarzalejos.eu/wp-content/uploads/2020/05/DEBATE-CÓMO-GESTIONA-LA-UNIÓN-EUROPEA-LA-CRISIS-DEL-COVID-19.png
