{"id":1983,"date":"2021-03-24T11:03:32","date_gmt":"2021-03-24T11:03:32","guid":{"rendered":"https:\/\/javierzarzalejos.eu\/?post_type=galeriavideos&#038;p=1983"},"modified":"2021-03-24T11:03:32","modified_gmt":"2021-03-24T11:03:32","slug":"dia-europeo-de-las-victimas-del-terrorismo","status":"publish","type":"galeriavideos","link":"https:\/\/javierzarzalejos.eu\/en\/galeriavideos\/dia-europeo-de-las-victimas-del-terrorismo\/","title":{"rendered":"D\u00cdA EUROPEO DE LAS V\u00cdCTIMAS DEL TERRORISMO"},"content":{"rendered":"","protected":false},"featured_media":1986,"template":"","meta":{"inline_featured_image":false,"_monsterinsights_skip_tracking":false,"_monsterinsights_sitenote_active":false,"_monsterinsights_sitenote_note":"","_monsterinsights_sitenote_category":0,"_vp_format_video_url":"","_vp_image_focal_point":[]},"class_list":["post-1983","galeriavideos","type-galeriavideos","status-publish","has-post-thumbnail","hentry"],"yoast_head":"<!-- This site is optimized with the Yoast SEO plugin v27.1.1 - https:\/\/yoast.com\/product\/yoast-seo-wordpress\/ -->\n<title>D\u00cdA EUROPEO DE LAS V\u00cdCTIMAS DEL TERRORISMO - P\u00e1gina oficial de Javier zarzalejos<\/title>\n<meta name=\"robots\" content=\"index, follow, max-snippet:-1, max-image-preview:large, max-video-preview:-1\" \/>\n<link rel=\"canonical\" href=\"https:\/\/javierzarzalejos.eu\/galeriavideos\/dia-europeo-de-las-victimas-del-terrorismo\/\" \/>\n<meta property=\"og:locale\" content=\"en_US\" \/>\n<meta property=\"og:type\" content=\"article\" \/>\n<meta property=\"og:title\" content=\"D\u00cdA EUROPEO DE LAS V\u00cdCTIMAS DEL TERRORISMO - P\u00e1gina oficial de Javier zarzalejos\" \/>\n<meta property=\"og:url\" content=\"https:\/\/javierzarzalejos.eu\/galeriavideos\/dia-europeo-de-las-victimas-del-terrorismo\/\" \/>\n<meta property=\"og:site_name\" content=\"P\u00e1gina oficial de Javier zarzalejos\" \/>\n<meta property=\"og:image\" content=\"https:\/\/javierzarzalejos.eu\/wp-content\/uploads\/2021\/03\/sghgg.png\" \/>\n\t<meta property=\"og:image:width\" content=\"1366\" \/>\n\t<meta property=\"og:image:height\" content=\"768\" \/>\n\t<meta property=\"og:image:type\" content=\"image\/png\" \/>\n<meta name=\"twitter:card\" content=\"summary_large_image\" \/>\n<script type=\"application\/ld+json\" class=\"yoast-schema-graph\">{\"@context\":\"https:\/\/schema.org\",\"@graph\":[{\"@type\":\"WebPage\",\"@id\":\"https:\/\/javierzarzalejos.eu\/galeriavideos\/dia-europeo-de-las-victimas-del-terrorismo\/\",\"url\":\"https:\/\/javierzarzalejos.eu\/galeriavideos\/dia-europeo-de-las-victimas-del-terrorismo\/\",\"name\":\"D\u00cdA EUROPEO DE LAS V\u00cdCTIMAS DEL TERRORISMO - P\u00e1gina oficial de Javier zarzalejos\",\"isPartOf\":{\"@id\":\"https:\/\/javierzarzalejos.eu\/#website\"},\"primaryImageOfPage\":{\"@id\":\"https:\/\/javierzarzalejos.eu\/galeriavideos\/dia-europeo-de-las-victimas-del-terrorismo\/#primaryimage\"},\"image\":{\"@id\":\"https:\/\/javierzarzalejos.eu\/galeriavideos\/dia-europeo-de-las-victimas-del-terrorismo\/#primaryimage\"},\"thumbnailUrl\":\"https:\/\/javierzarzalejos.eu\/wp-content\/uploads\/2021\/03\/sghgg.png\",\"datePublished\":\"2021-03-24T11:03:32+00:00\",\"breadcrumb\":{\"@id\":\"https:\/\/javierzarzalejos.eu\/galeriavideos\/dia-europeo-de-las-victimas-del-terrorismo\/#breadcrumb\"},\"inLanguage\":\"en-US\",\"potentialAction\":[{\"@type\":\"ReadAction\",\"target\":[\"https:\/\/javierzarzalejos.eu\/galeriavideos\/dia-europeo-de-las-victimas-del-terrorismo\/\"]}]},{\"@type\":\"ImageObject\",\"inLanguage\":\"en-US\",\"@id\":\"https:\/\/javierzarzalejos.eu\/galeriavideos\/dia-europeo-de-las-victimas-del-terrorismo\/#primaryimage\",\"url\":\"https:\/\/javierzarzalejos.eu\/wp-content\/uploads\/2021\/03\/sghgg.png\",\"contentUrl\":\"https:\/\/javierzarzalejos.eu\/wp-content\/uploads\/2021\/03\/sghgg.png\",\"width\":1366,\"height\":768},{\"@type\":\"BreadcrumbList\",\"@id\":\"https:\/\/javierzarzalejos.eu\/galeriavideos\/dia-europeo-de-las-victimas-del-terrorismo\/#breadcrumb\",\"itemListElement\":[{\"@type\":\"ListItem\",\"position\":1,\"name\":\"Portada\",\"item\":\"https:\/\/javierzarzalejos.eu\/en\/\"},{\"@type\":\"ListItem\",\"position\":2,\"name\":\"D\u00cdA EUROPEO DE LAS V\u00cdCTIMAS DEL TERRORISMO\"}]},{\"@type\":\"WebSite\",\"@id\":\"https:\/\/javierzarzalejos.eu\/#website\",\"url\":\"https:\/\/javierzarzalejos.eu\/\",\"name\":\"P\u00e1gina oficial de Javier zarzalejos\",\"description\":\"P\u00e1gina oficial de Javier zarzalejos\",\"potentialAction\":[{\"@type\":\"SearchAction\",\"target\":{\"@type\":\"EntryPoint\",\"urlTemplate\":\"https:\/\/javierzarzalejos.eu\/?s={search_term_string}\"},\"query-input\":{\"@type\":\"PropertyValueSpecification\",\"valueRequired\":true,\"valueName\":\"search_term_string\"}}],\"inLanguage\":\"en-US\"}]}<\/script>\n<!-- \/ Yoast SEO plugin. -->","yoast_head_json":{"title":"D\u00cdA EUROPEO DE LAS V\u00cdCTIMAS DEL TERRORISMO - P\u00e1gina oficial de Javier zarzalejos","robots":{"index":"index","follow":"follow","max-snippet":"max-snippet:-1","max-image-preview":"max-image-preview:large","max-video-preview":"max-video-preview:-1"},"canonical":"https:\/\/javierzarzalejos.eu\/galeriavideos\/dia-europeo-de-las-victimas-del-terrorismo\/","og_locale":"en_US","og_type":"article","og_title":"D\u00cdA EUROPEO DE LAS V\u00cdCTIMAS DEL TERRORISMO - P\u00e1gina oficial de Javier zarzalejos","og_url":"https:\/\/javierzarzalejos.eu\/galeriavideos\/dia-europeo-de-las-victimas-del-terrorismo\/","og_site_name":"P\u00e1gina oficial de Javier zarzalejos","og_image":[{"width":1366,"height":768,"url":"https:\/\/javierzarzalejos.eu\/wp-content\/uploads\/2021\/03\/sghgg.png","type":"image\/png"}],"twitter_card":"summary_large_image","schema":{"@context":"https:\/\/schema.org","@graph":[{"@type":"WebPage","@id":"https:\/\/javierzarzalejos.eu\/galeriavideos\/dia-europeo-de-las-victimas-del-terrorismo\/","url":"https:\/\/javierzarzalejos.eu\/galeriavideos\/dia-europeo-de-las-victimas-del-terrorismo\/","name":"D\u00cdA EUROPEO DE LAS V\u00cdCTIMAS DEL TERRORISMO - P\u00e1gina oficial de Javier zarzalejos","isPartOf":{"@id":"https:\/\/javierzarzalejos.eu\/#website"},"primaryImageOfPage":{"@id":"https:\/\/javierzarzalejos.eu\/galeriavideos\/dia-europeo-de-las-victimas-del-terrorismo\/#primaryimage"},"image":{"@id":"https:\/\/javierzarzalejos.eu\/galeriavideos\/dia-europeo-de-las-victimas-del-terrorismo\/#primaryimage"},"thumbnailUrl":"https:\/\/javierzarzalejos.eu\/wp-content\/uploads\/2021\/03\/sghgg.png","datePublished":"2021-03-24T11:03:32+00:00","breadcrumb":{"@id":"https:\/\/javierzarzalejos.eu\/galeriavideos\/dia-europeo-de-las-victimas-del-terrorismo\/#breadcrumb"},"inLanguage":"en-US","potentialAction":[{"@type":"ReadAction","target":["https:\/\/javierzarzalejos.eu\/galeriavideos\/dia-europeo-de-las-victimas-del-terrorismo\/"]}]},{"@type":"ImageObject","inLanguage":"en-US","@id":"https:\/\/javierzarzalejos.eu\/galeriavideos\/dia-europeo-de-las-victimas-del-terrorismo\/#primaryimage","url":"https:\/\/javierzarzalejos.eu\/wp-content\/uploads\/2021\/03\/sghgg.png","contentUrl":"https:\/\/javierzarzalejos.eu\/wp-content\/uploads\/2021\/03\/sghgg.png","width":1366,"height":768},{"@type":"BreadcrumbList","@id":"https:\/\/javierzarzalejos.eu\/galeriavideos\/dia-europeo-de-las-victimas-del-terrorismo\/#breadcrumb","itemListElement":[{"@type":"ListItem","position":1,"name":"Portada","item":"https:\/\/javierzarzalejos.eu\/en\/"},{"@type":"ListItem","position":2,"name":"D\u00cdA EUROPEO DE LAS V\u00cdCTIMAS DEL TERRORISMO"}]},{"@type":"WebSite","@id":"https:\/\/javierzarzalejos.eu\/#website","url":"https:\/\/javierzarzalejos.eu\/","name":"P\u00e1gina oficial de Javier zarzalejos","description":"P\u00e1gina oficial de Javier zarzalejos","potentialAction":[{"@type":"SearchAction","target":{"@type":"EntryPoint","urlTemplate":"https:\/\/javierzarzalejos.eu\/?s={search_term_string}"},"query-input":{"@type":"PropertyValueSpecification","valueRequired":true,"valueName":"search_term_string"}}],"inLanguage":"en-US"}]}},"_links":{"self":[{"href":"https:\/\/javierzarzalejos.eu\/en\/wp-json\/wp\/v2\/galeriavideos\/1983","targetHints":{"allow":["GET"]}}],"collection":[{"href":"https:\/\/javierzarzalejos.eu\/en\/wp-json\/wp\/v2\/galeriavideos"}],"about":[{"href":"https:\/\/javierzarzalejos.eu\/en\/wp-json\/wp\/v2\/types\/galeriavideos"}],"wp:featuredmedia":[{"embeddable":true,"href":"https:\/\/javierzarzalejos.eu\/en\/wp-json\/wp\/v2\/media\/1986"}],"wp:attachment":[{"href":"https:\/\/javierzarzalejos.eu\/en\/wp-json\/wp\/v2\/media?parent=1983"}],"curies":[{"name":"wp","href":"https:\/\/api.w.org\/{rel}","templated":true}]}}

DÍA EUROPEO DE LAS VÍCTIMAS DEL TERRORISMO

<!-- This site is optimized with the Yoast SEO plugin v27.1.1 - https://yoast.com/product/yoast-seo-wordpress/ -->
<title>DÍA EUROPEO DE LAS VÍCTIMAS DEL TERRORISMO - Página oficial de Javier zarzalejos</title>
<meta name="robots" content="index, follow, max-snippet:-1, max-image-preview:large, max-video-preview:-1" />
<link rel="canonical" href="https://javierzarzalejos.eu/galeriavideos/dia-europeo-de-las-victimas-del-terrorismo/" />
<meta property="og:locale" content="en_US" />
<meta property="og:type" content="article" />
<meta property="og:title" content="DÍA EUROPEO DE LAS VÍCTIMAS DEL TERRORISMO - Página oficial de Javier zarzalejos" />
<meta property="og:url" content="https://javierzarzalejos.eu/galeriavideos/dia-europeo-de-las-victimas-del-terrorismo/" />
<meta property="og:site_name" content="Página oficial de Javier zarzalejos" />
<meta property="og:image" content="https://javierzarzalejos.eu/wp-content/uploads/2021/03/sghgg.png" />
	<meta property="og:image:width" content="1366" />
	<meta property="og:image:height" content="768" />
	<meta property="og:image:type" content="image/png" />
<meta name="twitter:card" content="summary_large_image" />
<script type="application/ld+json" class="yoast-schema-graph">{"@context":"https://schema.org","@graph":[{"@type":"WebPage","@id":"https://javierzarzalejos.eu/galeriavideos/dia-europeo-de-las-victimas-del-terrorismo/","url":"https://javierzarzalejos.eu/galeriavideos/dia-europeo-de-las-victimas-del-terrorismo/","name":"DÍA EUROPEO DE LAS VÍCTIMAS DEL TERRORISMO - Página oficial de Javier zarzalejos","isPartOf":{"@id":"https://javierzarzalejos.eu/#website"},"primaryImageOfPage":{"@id":"https://javierzarzalejos.eu/galeriavideos/dia-europeo-de-las-victimas-del-terrorismo/#primaryimage"},"image":{"@id":"https://javierzarzalejos.eu/galeriavideos/dia-europeo-de-las-victimas-del-terrorismo/#primaryimage"},"thumbnailUrl":"https://javierzarzalejos.eu/wp-content/uploads/2021/03/sghgg.png","datePublished":"2021-03-24T11:03:32+00:00","breadcrumb":{"@id":"https://javierzarzalejos.eu/galeriavideos/dia-europeo-de-las-victimas-del-terrorismo/#breadcrumb"},"inLanguage":"en-US","potentialAction":[{"@type":"ReadAction","target":["https://javierzarzalejos.eu/galeriavideos/dia-europeo-de-las-victimas-del-terrorismo/"]}]},{"@type":"ImageObject","inLanguage":"en-US","@id":"https://javierzarzalejos.eu/galeriavideos/dia-europeo-de-las-victimas-del-terrorismo/#primaryimage","url":"https://javierzarzalejos.eu/wp-content/uploads/2021/03/sghgg.png","contentUrl":"https://javierzarzalejos.eu/wp-content/uploads/2021/03/sghgg.png","width":1366,"height":768},{"@type":"BreadcrumbList","@id":"https://javierzarzalejos.eu/galeriavideos/dia-europeo-de-las-victimas-del-terrorismo/#breadcrumb","itemListElement":[{"@type":"ListItem","position":1,"name":"Portada","item":"https://javierzarzalejos.eu/en/"},{"@type":"ListItem","position":2,"name":"DÍA EUROPEO DE LAS VÍCTIMAS DEL TERRORISMO"}]},{"@type":"WebSite","@id":"https://javierzarzalejos.eu/#website","url":"https://javierzarzalejos.eu/","name":"Página oficial de Javier zarzalejos","description":"Página oficial de Javier zarzalejos","potentialAction":[{"@type":"SearchAction","target":{"@type":"EntryPoint","urlTemplate":"https://javierzarzalejos.eu/?s={search_term_string}"},"query-input":{"@type":"PropertyValueSpecification","valueRequired":true,"valueName":"search_term_string"}}],"inLanguage":"en-US"}]}</script>
<!-- / Yoast SEO plugin. -->

DÍA EUROPEO DE LAS VÍCTIMAS DEL TERRORISMO - Página oficial de Javier zarzalejos

Página oficial de Javier zarzalejos
